rime?
True
Let p(v) = -v**3 + 6*v**2 - 5*v + 2. Let z be p(5). Let d be -2*((-9)/z)/1. Is 3*(-2 + 39/d) a composite number?
False
Let i be 8*((-3 - -1) + 3). Is (-8)/i + 4*41 a composite number?
False
Let i(b) = -2*b**3 - 5*b**2 + b + 3. Let w be i(-4). Suppose 5*q = 4*x + w, 2*q = -2*x - 3*x - 1. Is q a prime number?
True
Let n = 9 - 11. Is ((-770)/20)/(n/4) composite?
True
Let l = -4 - -1. Let h(j) = 7*j**2 + j - 5. Is h(l) prime?
False
Let h be 1 + 6*(-2)/(-4). Suppose h*i - 5*w - 348 = 694, 4*w - 1323 = -5*i. Is i a prime number?
True
Let d = 6 - 0. Suppose 0 = -2*s - s + d. Suppose -s*m + 44 = 6. Is m a composite number?
False
Let k(g) = -g**2 - 6*g + 287. Is k(0) prime?
False
Suppose -5*k + 2*l = -79, -4*k + 0*l + 56 = 2*l. Is (-1)/5 - (-1038)/k prime?
False
Suppose 3*u - 5 = -5*r, 4*r + 28 = 4*u - 0*u. Suppose 5*a - u*t + 9 = 39, 2*a = -3*t + 7. Suppose 4*p + a*n = 52, -5*p - 3*n + 2*n = -65. Is p a prime number?
True
Is 1399/2 + 18/12 prime?
True
Suppose 2*g - 4*b = -18, 0 = 5*g + b + 4*b + 60. Let x(w) = -2 + 3 - 18*w + 4. Is x(g) prime?
False
Let l be (-40)/(-22) - 10/(-55). Is ((-40)/(-6))/(l/3) a prime number?
False
Let u(s) = 10*s**3 + s**2 - 2*s - 5. Is u(6) prime?
True
Let i(b) = 2*b**3 - 7*b**2 - 4*b - 1. Suppose -3*w = 12, 3*n - 4*w + 2 = 6*n. Is i(n) prime?
False
Let g = -2 - -8. Let o be ((-8)/g)/(4/12). Is (1/(-3))/(o/156) composite?
False
Suppose -4*v = 4*x - 4, -3*v = 1 + 11. Suppose 0*u + 4*u = 20, 5*g + x*u - 220 = 0. Is g composite?
True
Suppose -61 = -j + r, 3*r - 136 = -3*j + 71. Is j composite?
True
Suppose 3*g = -0*g - 78. Is ((-86)/4)/(13/g) composite?
False
Let g(c) = c**3 - 3*c**2 + c + 1. Let m(v) = -v + 11. Let l be m(8). Let r be g(l). Suppose 0 = 5*f - r*f - 59. Is f a prime number?
True
Let h be -2*12/(-8) - -1. Suppose -h*n + 212 = -104. Is n composite?
False
Suppose 0 = -4*w + 577 + 151. Suppose w = s - 39. Is s a composite number?
True
Suppose 0 = -2*v - s + 280, 0 = 3*s - 8 + 2. Is v prime?
True
Let n(o) = o - 2. Let z be n(2). Suppose z = 2*u - 6*u + 404. Let q = u - 14. Is q a prime number?
False
Let i(n) = -32*n - 2. Let h be i(-5). Let u = h + -88. Suppose 2*k + k - 54 = -3*f, 5*k + f = u. Is k prime?
True
Let g(k) = 90*k + 5. Let u be g(-5). Let i = -150 - u. Suppose -3*y + i = 2*y. Is y composite?
False
Let b = -5 - -5. Suppose -4*c + 4*l = -316, b*l + 2*l = 3*c - 237. Is c composite?
False
Let l be 10144/26 - (-2)/(-13). Suppose 4*h + 3*r - 183 = 350, -3*h = -r - l. Is h a composite number?
False
Let f = -411 + 709. Is f a composite number?
True
Let p(b) = b**3 + 6*b**2 + 5*b + 5. Let r = 7 - 12. Let j be p(r). Suppose 44 - 9 = j*d. Is d composite?
False
Let i = 31 - 21. Let x(z) = 1 + 6 + 4 + 18*z. Is x(i) a prime number?
True
Let p = 26 - 6. Suppose -4*w = -3*w + 1. Let q = p - w. Is q a prime number?
False
Suppose -3*u = 17 - 2, 1009 = -3*c - 5*u. Is (-3)/9 + c/(-3) a composite number?
False
Is 3*26/3*(-17)/(-2) prime?
False
Let d(u) = -u**2 + 9*u + 5. Let t be d(9). Let w be (-645)/t*(-2)/3. Suppose b + b = w. Is b composite?
False
Suppose -2*m = -0*m + 4, -3*n - m = 2. Let d(t) = -t + 53. Is d(n) composite?
False
Suppose 0 = -0*i + i - 2. Suppose -i*z = 4*a + 178 + 42, -5*a + 535 = -5*z. Let o = 197 + z. Is o prime?
True
Suppose l = 4*l + i + 132, l + i + 44 = 0. Let t = -86 - l. Is (t/(-6))/((-1)/(-5)) a prime number?
False
Let m(j) = 23*j - 3. Let r be m(3). Let b = r - -75. Let w = b - 74. Is w a composite number?
False
Let g = 1513 + -540. Suppose g = 4*w + 209. Is w a prime number?
True
Let b(k) = -k**3 - 9*k**2 - 4*k - 1. Is b(-12) prime?
True
Let i(z) = -z**3 + 8*z**2 - 6*z + 1. Let n be i(7). Suppose -4*x = -0*x - n. Is x a composite number?
False
Suppose -s - 1 = 4. Let b = s + 52. Is b prime?
True
Let b(o) = -o + 11. Let h(l) = 2*l - 11. Let n(x) = 4*b(x) + 5*h(x). Is n(9) a prime number?
True
Suppose x - 1046 = -37. Is x a composite number?
False
Let s = 2530 + -987. Is s composite?
False
Let z = 536 + -1070. Let a = 23 - z. Is a a composite number?
False
Let g be ((-6)/(-3) - -3)*-1. Let i(f) be the third derivative of -f**5/60 - f**4/4 + f**3/3 + f**2. Is i(g) composite?
False
Let o = -21 + -2742. Is (-2 - -1)/(9/o) a prime number?
True
Suppose 0 = -4*p + 152 - 20. Is p composite?
True
Let h be 10/(-1 - (1 - 1)). Let i = -26 + 9. Let q = h - i. Is q a composite number?
False
Let m(a) = -a**3 - 18*a**2 - 4*a + 21. Is m(-18) prime?
False
Suppose -4*x - 2*v + 75 = -2003, 0 = -2*x - 2*v + 1036. Is x a prime number?
True
Let m(d) = 2*d**2 + d - 2. Suppose 0 = -5*o - 3*q + 34, -2 = -3*q + 7. Is m(o) composite?
False
Suppose -7*d = -8*d + 37. Is d a composite number?
False
Suppose 359 = 4*k + 55. Suppose 0 = -6*y + 2*y + k. Is y composite?
False
Let q(n) = -200*n**3 - 2*n**2 - 3. Is q(-2) a composite number?
True
Suppose g + 4*o + 5 = -0*o, 3*g = -3*o + 3. Is 3*(g + 132/9) prime?
True
Suppose 5*s - 1297 = 2*r, 2*s = r + 3*r + 522. Is s a prime number?
False
Suppose 390 = 4*q + 2*z, -5*z = 4*q - z - 380. Is (6/(-10))/((-4)/q) composite?
True
Suppose 0 = -3*z - 37 + 13. Let k = -1 + z. Is k/6 + (-207)/(-6) a prime number?
False
Let j = 15 - 13. Suppose j*n = -2*n + 764. Is n a prime number?
True
Let b = 1157 + -686. Is b composite?
True
Suppose -4*r = -2*r + 2*l - 2106, 0 = 4*r - l - 4192. Is r a composite number?
False
Suppose -2*n + 20 = -120. Suppose 2*p - 4*p = -n. Suppose -p = -5*q - 0*q. Is q a composite number?
False
Suppose -5*z + 3980 = -3015. Is z a prime number?
True
Let q(b) = b**2 - 2. Suppose -7*k = -2*k. Let f be k - 1 - 8/2. Is q(f) prime?
True
Suppose 5*b - 2*c = 4832, -2*b + 0*b - 2*c + 1944 = 0. Let z = -433 + b. Is z a composite number?
True
Let p(k) = 3*k**2 + 9*k + 1. Is p(-10) a prime number?
True
Let x(q) = q**2 + 15*q + 19. Let z be x(-13). Let m(a) = -52*a + 2 - 4 + 11. Is m(z) a prime number?
True
Let f(s) = s**2 - 4*s + 1. Let c be f(4). Let m(u) = 0 - 3 + 162*u**3 + 4. Is m(c) a prime number?
True
Let t be (-1 - -5) + 1/(-1). Is ((-4)/t)/((-4)/174) a composite number?
True
Let q(u) be the third derivative of u**5/24 - u**4/8 + u**3/3 - 2*u**2. Let g(z) be the first derivative of q(z). Is g(2) composite?
False
Let n(o) = 32*o - 1. Let f(g) = g - 5. Let a be f(6). Is n(a) a prime number?
True
Let w(b) be the first derivative of b**5/60 + 5*b**4/24 - b**3 + 2. Let m(x) be the third derivative of w(x). Is m(9) a prime number?
True
Let o(l) be the first derivative of 2*l**3/3 - 3*l**2/2 + 4*l + 1. Suppose 8*w + 12 = 4*w. Is o(w) composite?
False
Let o be 0/(4/2)*1. Suppose 6*n - 99 = w + 2*n, 4*w - n + 411 = o. Let d = w - -182. Is d composite?
False
Suppose -10 - 10 = 4*w. Let a(s) = 21*s + 5. Let i be a(w). Let l = i + 159. Is l a prime number?
True
Suppose 0 = 2*i + 2*i - 476. Suppose 0 = -2*q - 9 + i. Is q a composite number?
True
Let m(h) = 106*h + 1. Let b = 19 + -16. Is m(b) prime?
False
Let r be 24/10*(-140)/(-21). Suppose -2*h - 5*x - r = 0, -2*x + 8 = -h + x. Is (6/h)/((-2)/8) a prime number?
True
Let a(s) = -14*s - 47*s + 7 - 6. Is a(-1) a prime number?
False
Let g(r) = 37*r + 1. Is g(1) prime?
False
Suppose 0 = -2*c - i + 4, 5*c + i - 3 = 1. Suppose c = d + d. Suppose -z = -d*z - 55. Is z a composite number?
True
Let a(r) = r**3 + 6*r**2 + 4*r - 7. Let k be a(-5). Is 1/(129/63 + k) a prime number?
False
Let k(a) = 31*a + 30. Is k(7) a prime number?
False
Suppose 8*d + 223 = 9*d. Is d prime?
True
Let t = -10 + 48. Let y = t - 16. Is y a composite number?
True
Let i = -199 + 354. Is i a composite number?
True
Let v(g) = 11*g - 3. Is v(7) prime?
False
Suppose 12 - 4 = 2*s. Suppose -n = -2*t + 4*n - 6, -s*n = 4*t - 16. Suppose -20 = -3*u - t*u. Is u composite?
True
Let f be -1*62 + (2 - 2). Let m = 227 + f. Let y = -88 + m. Is y composite?
True
Suppose 0*z = -4*z + 8. Suppose -h + 438 = z*h. Suppose -36 = 2*i - h. Is i a prime number?
False
Let i = 22 - 12. Let l(x) = x**3 - 7*x**2 - 16*x + 12. Let r be l(i). Suppose 3*u - 186 = -3*d, u = 4*d + r - 425. Is d a composite number?
False
Suppose -5*q + 2*b = 2 - 11, -11 = -3*q + 4*b. Suppose q + 4 = n. Suppose 0*p + 204 = 4*p - 5*h, -n*p = -h - 255. Is p prime?
False
Let j(s) = -s**2 - 9*s + 7. Is j(-8) a prime number?
False
Let t(y) = 3*y + y**3 - 3*y**2 - 2*y - 2 + 8*y**2. Is t(-3) a composite number?
F